67
List the prime factors of 3514784.
2, 7, 13, 17, 71
What are the prime factors of 4211584?
2, 13, 2531
What are the prime factors of 448928?
2, 14029
What are the prime factors of 3540701?
79, 44819
List the prime factors of 1018345.
5, 203669
What are the prime factors of 37065821?
13, 379, 7523
What are the prime factors of 245825?
5, 9833
What are the prime factors of 360004?
2, 90001
List the prime factors of 1147746.
2, 3, 23, 8317
List the prime factors of 304378.
2, 152189
List the prime factors of 173992.
2, 7, 13, 239
List the prime factors of 9017.
71, 127
What are the prime factors of 1636828?
2, 17, 24071
What are the prime factors of 1984382?
2, 149, 6659
List the prime factors of 209360.
2, 5, 2617
What are the prime factors of 196464?
2, 3, 4093
What are the prime factors of 6982597?
17, 410741
What are the prime factors of 262709?
262709
List the prime factors of 495893.
495893
List the prime factors of 1568689.
37, 42397
What are the prime factors of 490140?
2, 3, 5, 7, 389
List the prime factors of 1513055.
5, 23, 59, 223
List the prime factors of 201419.
19, 10601
List the prime factors of 185116.
2, 46279
List the prime factors of 5569225.
5, 367, 607
What are the prime factors of 373?
373
What are the prime factors of 69715?
5, 73, 191
What are the prime factors of 1362?
2, 3, 227
List the prime factors of 232871.
232871
List the prime factors of 554897.
7, 17, 4663
List the prime factors of 13898706.
2, 3, 2316451
What are the prime factors of 956397?
3, 13, 137, 179
What are the prime factors of 12252810?
2, 3, 5, 408427
List the prime factors of 6506846.
2, 29, 43, 2609
List the prime factors of 116979.
3, 38993
List the prime factors of 136400.
2, 5, 11, 31
List the prime factors of 4564081.
61, 74821
List the prime factors of 899211.
3, 37, 8101
List the prime factors of 293651.
293651
List the prime factors of 6784249.
6784249
List the prime factors of 1627819.
1627819
List the prime factors of 5128781.
7, 17, 47, 131
What are the prime factors of 2474244?
2, 3, 68729
List the prime factors of 2512007.
2512007
What are the prime factors of 176575?
5, 7, 1009
List the prime factors of 85775.
5, 47, 73
What are the prime factors of 712382?
2, 11, 32381
List the prime factors of 972048.
2, 3, 7, 11, 263
List the prime factors of 1360366.
2, 7, 97169
List the prime factors of 5131864.
2, 31, 20693
List the prime factors of 2243758.
2, 11, 79, 1291
What are the prime factors of 1961569?
499, 3931
List the prime factors of 9575318.
2, 17, 281627
List the prime factors of 312482.
2, 156241
What are the prime factors of 4893?
3, 7, 233
What are the prime factors of 166679?
166679
What are the prime factors of 1611996?
2, 3, 134333
What are the prime factors of 4162428?
2, 3, 29, 443
List the prime factors of 1543811.
1543811
List the prime factors of 16690037.
7, 13, 19, 197
What are the prime factors of 2653614?
2, 3, 157, 313
List the prime factors of 2035143.
3, 11, 61, 337
List the prime factors of 423718.
2, 211859
List the prime factors of 3837955.
5, 11, 31, 2251
What are the prime factors of 3998506?
2, 79, 25307
What are the prime factors of 2321722?
2, 13, 6869
What are the prime factors of 232214?
2, 116107
List the prime factors of 23117967.
3, 23, 12409
What are the prime factors of 212908?
2, 17, 31, 101
List the prime factors of 388447.
23, 16889
What are the prime factors of 2828862?
2, 3, 23, 6833
What are the prime factors of 2778932?
2, 13, 53441
What are the prime factors of 32743356?
2, 3, 167, 16339
What are the prime factors of 1808364?
2, 3, 150697
What are the prime factors of 1639079?
13, 59, 2137
List the prime factors of 425691.
3, 7, 29, 233
List the prime factors of 4165207.
1123, 3709
What are the prime factors of 180714?
2, 3, 30119
What are the prime factors of 1724147?
1724147
List the prime factors of 358188.
2, 3, 19, 1571
What are the prime factors of 701633?
41, 109, 157
List the prime factors of 246756.
2, 3, 20563
What are the prime factors of 12570066?
2, 3, 31, 2503
What are the prime factors of 53375?
5, 7, 61
What are the prime factors of 1209864?
2, 3, 50411
What are the prime factors of 7809598?
2, 41, 95239
List the prime factors of 4279125.
3, 5, 11411
List the prime factors of 585296.
2, 157, 233
List the prime factors of 386353.
11, 31, 103
What are the prime factors of 788504?
2, 98563
List the prime factors of 1433030.
2, 5, 47, 3049
What are the prime factors of 2394785?
5, 331, 1447
List the prime factors of 464767.
464767
List the prime factors of 4470027.
3, 23, 64783
What are the prime factors of 310424?
2, 38803
What are the prime factors of 119765?
5, 17, 1409
List the prime factors of 5383309.
569, 9461
List the prime factors of 28376657.
101, 280957
What are the prime factors of 313638?
2, 3, 13, 4021
What are the prime factors of 40345050?
2, 3, 5, 277, 971
What are the prime factors of 1332466?
2, 666233
What are the prime factors of 13337002?
2, 7, 47, 20269
What are the prime factors of 191388?
2, 3, 41, 389
What are the prime factors of 103345?
5, 11, 1879
List the prime factors of 930177.
3, 47, 733
What are the prime factors of 227257?
227257
List the prime factors of 690708.
2, 3, 57559
List the prime factors of 1274384.
2, 23, 3463
List the prime factors of 850954.
2, 13, 23, 1423
What are the prime factors of 1735342?
2, 7, 123953
What are the prime factors of 62254?
2, 17, 1831
List the prime factors of 268871.
67, 4013
What are the prime factors of 2421881?
7, 11, 71, 443
List the prime factors of 875133.
3, 7, 29, 479
List the prime factors of 68626.
2, 34313
List the prime factors of 15494321.
15494321
What are the prime factors of 1428891?
3, 41, 11617
What are the prime factors of 6155728?
2, 384733
What are the prime factors of 11027678?
2, 137, 167, 241
List the prime factors of 5438185.
5, 197, 5521
List the prime factors of 1869996.
2, 3, 155833
List the prime factors of 12287432.
2, 1535929
What are the prime factors of 44439?
3, 14813
List the prime factors of 101035.
5, 11, 167
List the prime factors of 429690.
2, 3, 5, 14323
What are the prime factors of 197167?
71, 2777
List the prime factors of 1719919.
1719919
List the prime factors of 3640.
2, 5, 7, 13
What are the prime factors of 396568?
2, 19, 2609
What are the prime factors of 343591?
343591
List the prime factors of 37823.
109, 347
List the prime factors of 8474332.
2, 37, 57259
List the prime factors of 14285836.
2, 3571459
List the prime factors of 11800517.
11800517
What are the prime factors of 831990?
2, 3, 5, 27733
What are the prime factors of 20890465?
5, 4178093
What are the prime factors of 82110?
2, 3, 5, 7, 17, 23
List the prime factors of 18246881.
18246881
List the prime factors of 23785635.
3, 5, 17, 37, 2521
List the prime factors of 5039654.
2, 197, 12791
What are the prime factors of 805360?
2, 5, 10067
What are the prime factors of 7534535?
5, 1506907
List the prime factors of 1631701.
19, 157, 547
List the prime factors of 242708.
2, 47, 1291
List the prime factors of 303168.
2, 3, 1579
What are the prime factors of 674452?
2, 23, 7331
List the prime factors of 123720.
2, 3, 5, 1031
List the prime factors of 320919.
3, 23, 4651
List the prime factors of 20817081.
3, 85667
What are the prime factors of 191017?
67, 2851
What are the prime factors of 2927760?
2, 3, 5, 11, 1109
List the prime factors of 1009176.
2, 3, 7, 6007
What are the prime factors of 197245?
5, 103, 383
What are the prime factors of 1169508?
2, 3, 97459
List the prime factors of 470258.
2, 23, 10223
List the prime factors of 11334231.
3, 83, 15173
List the prime factors of 148442.
2, 7, 23, 461
What are the prime factors of 233363?
13, 29, 619
List the prime factors of 1158906.
2, 3, 7, 41, 673
List the prime factors of 4744564.
2, 11, 17, 6343
What are the prime factors of 1435886?
2, 347, 2069
What are the prime factors of 8317178?
2, 41, 101429
What are the prime factors of 2310154?
2, 7, 11, 2143
What are the prime factors of 3009577?
3009577
What are the prime factors of 103755?
3, 5, 6917
List the prime factors of 30398168.
2, 67, 56713
What are the prime factors of 1347721?
239, 5639
List the prime factors of 355100.
2, 5, 53, 67
List the prime factors of 245747.
245747
List the p